{"id":315,"date":"2017-07-02T09:54:47","date_gmt":"2017-07-02T07:54:47","guid":{"rendered":"http:\/\/teamtetesraids.fr\/?page_id=315"},"modified":"2017-07-02T09:58:16","modified_gmt":"2017-07-02T07:58:16","slug":"livre-dor","status":"publish","type":"page","link":"https:\/\/teamtetesraids.fr\/index.php\/livre-dor\/","title":{"rendered":"Livre d&rsquo;or"},"content":{"rendered":"<p>Bonjour \u00e0 tous,<\/p>\n<p>Vous avez particip\u00e9 \u00e0 une de nos manifestations, n&rsquo;h\u00e9sitez pas \u00e0 nous faire vos retours. Votre satisfaction c&rsquo;est ce qui nous motive, vos remarques permettent de nous am\u00e9liorer.<\/p>\n<p>Merci \u00e0 tous.<\/p>\n<p>Les TTR<\/p>\n<p>[gwolle_gb]<\/p>\n","protected":false},"excerpt":{"rendered":"<p>Bonjour \u00e0 tous, Vous avez particip\u00e9 \u00e0 une de nos manifestations, n&rsquo;h\u00e9sitez pas \u00e0 nous faire vos retours. Votre satisfaction c&rsquo;est ce qui nous motive, vos remarques permettent de nous am\u00e9liorer. Merci \u00e0 tous. Les TTR [gwolle_gb]<\/p>\n","protected":false},"author":1,"featured_media":0,"parent":0,"menu_order":0,"comment_status":"closed","ping_status":"closed","template":"","meta":{"ngg_post_thumbnail":0},"_links":{"self":[{"href":"https:\/\/teamtetesraids.fr\/index.php\/wp-json\/wp\/v2\/pages\/315"}],"collection":[{"href":"https:\/\/teamtetesraids.fr\/index.php\/wp-json\/wp\/v2\/pages"}],"about":[{"href":"https:\/\/teamtetesraids.fr\/index.php\/wp-json\/wp\/v2\/types\/page"}],"author":[{"embeddable":true,"href":"https:\/\/teamtetesraids.fr\/index.php\/wp-json\/wp\/v2\/users\/1"}],"replies":[{"embeddable":true,"href":"https:\/\/teamtetesraids.fr\/index.php\/wp-json\/wp\/v2\/comments?post=315"}],"version-history":[{"count":2,"href":"https:\/\/teamtetesraids.fr\/index.php\/wp-json\/wp\/v2\/pages\/315\/revisions"}],"predecessor-version":[{"id":317,"href":"https:\/\/teamtetesraids.fr\/index.php\/wp-json\/wp\/v2\/pages\/315\/revisions\/317"}],"wp:attachment":[{"href":"https:\/\/teamtetesraids.fr\/index.php\/wp-json\/wp\/v2\/media?parent=315"}],"curies":[{"name":"wp","href":"https:\/\/api.w.org\/{rel}","templated":true}]}}